{"id":30,"date":"2014-06-06T09:41:14","date_gmt":"2014-06-06T06:41:14","guid":{"rendered":"http:\/\/abjakultuurimaja.ee\/uus\/?page_id=30"},"modified":"2025-03-14T15:23:45","modified_gmt":"2025-03-14T13:23:45","slug":"tootajad","status":"publish","type":"page","link":"http:\/\/Abjakultuurimaja.ee\/uus\/tootajad\/","title":{"rendered":"T\u00f6\u00f6tajad"},"content":{"rendered":"<p><strong>PERSONAL:<\/strong><\/p>\n<p>JUHATAJA &#8211; Lauri Sepp,<\/p>\n<p>43 60 055;\u00a056983806, abjakultuurimaja@gmail.com<\/p>\n<p>SISULISE T\u00d6\u00d6 KOORDINAATOR- \u00dclle R\u00f5igas,<\/p>\n<p>43 60 055;\u00a0 55686319,\u00a0 abjakultuurimaja@gmail.com<\/p>\n<p>KORISTAJA-PERENAINE- Lea Kallas<\/p>\n<p>KORISTAJA-PERENAINE- K\u00e4thlin K\u00fctt<\/p>\n<p><strong>RINGIJUHID:<\/strong><\/p>\n<p>* Naiskoor \u00d5be\u00e4idsme\u00a0 juhendaja K\u00fclli Salum\u00e4e<\/p>\n<p>* Laste lauluringi juhendaja\u00a0 Ruth M\u00f5ttus<\/p>\n<p>* Nunnuklubi &#8211; juhendaja Ruth M\u00f5ttus<\/p>\n<p>* Naisansambel &#8220;Viisivakk&#8221; juhendaja Anne Gomaa<\/p>\n<p>* Laste n\u00e4iteringi ja memmede tantsur\u00fchma &#8220;Meelespea&#8221; juhendaja Viive Niinem\u00e4e<\/p>\n<p>* Laste n\u00e4iteringi juhendaja\u00a0 Ruth M\u00f5ttus<\/p>\n<p>* Meelespea n\u00e4iteringi\u00a0 juhendaja Anne Kaarm\u00e4e<\/p>\n","protected":false},"excerpt":{"rendered":"<p>PERSONAL: JUHATAJA &#8211; Lauri Sepp, 43 60 055;\u00a056983806, abjakultuurimaja@gmail.com SISULISE T\u00d6\u00d6 KOORDINAATOR- \u00dclle R\u00f5igas, 43 60 055;\u00a0 55686319,\u00a0 abjakultuurimaja@gmail.com KORISTAJA-PERENAINE- Lea Kallas KORISTAJA-PERENAINE- K\u00e4thlin K\u00fctt RINGIJUHID: * Naiskoor \u00d5be\u00e4idsme\u00a0 juhendaja K\u00fclli Salum\u00e4e * Laste lauluringi juhendaja\u00a0 Ruth M\u00f5ttus * Nunnuklubi &#8211; juhendaja Ruth M\u00f5ttus * Naisansambel &#8220;Viisivakk&#8221; juhendaja Anne Gomaa * Laste n\u00e4iteringi ja memmede [&hellip;]<\/p>\n","protected":false},"author":1,"featured_media":0,"parent":0,"menu_order":0,"comment_status":"closed","ping_status":"closed","template":"","meta":[],"_links":{"self":[{"href":"http:\/\/Abjakultuurimaja.ee\/uus\/wp-json\/wp\/v2\/pages\/30"}],"collection":[{"href":"http:\/\/Abjakultuurimaja.ee\/uus\/wp-json\/wp\/v2\/pages"}],"about":[{"href":"http:\/\/Abjakultuurimaja.ee\/uus\/wp-json\/wp\/v2\/types\/page"}],"author":[{"embeddable":true,"href":"http:\/\/Abjakultuurimaja.ee\/uus\/wp-json\/wp\/v2\/users\/1"}],"replies":[{"embeddable":true,"href":"http:\/\/Abjakultuurimaja.ee\/uus\/wp-json\/wp\/v2\/comments?post=30"}],"version-history":[{"count":16,"href":"http:\/\/Abjakultuurimaja.ee\/uus\/wp-json\/wp\/v2\/pages\/30\/revisions"}],"predecessor-version":[{"id":8188,"href":"http:\/\/Abjakultuurimaja.ee\/uus\/wp-json\/wp\/v2\/pages\/30\/revisions\/8188"}],"wp:attachment":[{"href":"http:\/\/Abjakultuurimaja.ee\/uus\/wp-json\/wp\/v2\/media?parent=30"}],"curies":[{"name":"wp","href":"https:\/\/api.w.org\/{rel}","templated":true}]}}

Töötajad

<p><strong>PERSONAL:</strong></p>
<p>JUHATAJA &#8211; Lauri Sepp,</p>
<p>43 60 055; 56983806, abjakultuurimaja@gmail.com</p>
<p>SISULISE TÖÖ KOORDINAATOR- Ülle Rõigas,</p>
<p>43 60 055;  55686319,  abjakultuurimaja@gmail.com</p>
<p>KORISTAJA-PERENAINE- Lea Kallas</p>
<p>KORISTAJA-PERENAINE- Käthlin Kütt</p>
<p><strong>RINGIJUHID:</strong></p>
<p>* Naiskoor Õbeäidsme  juhendaja Külli Salumäe</p>
<p>* Laste lauluringi juhendaja  Ruth Mõttus</p>
<p>* Nunnuklubi &#8211; juhendaja Ruth Mõttus</p>
<p>* Naisansambel &#8220;Viisivakk&#8221; juhendaja Anne Gomaa</p>
<p>* Laste näiteringi ja memmede tantsurühma &#8220;Meelespea&#8221; juhendaja Viive Niinemäe</p>
<p>* Laste näiteringi juhendaja  Ruth Mõttus</p>
<p>* Meelespea näiteringi  juhendaja Anne Kaarmäe</p>

<p>PERSONAL: JUHATAJA &#8211; Lauri Sepp, 43 60 055; 56983806, abjakultuurimaja@gmail.com SISULISE TÖÖ KOORDINAATOR- Ülle Rõigas, 43 60 055;  55686319,  abjakultuurimaja@gmail.com KORISTAJA-PERENAINE- Lea Kallas KORISTAJA-PERENAINE- Käthlin Kütt RINGIJUHID: * Naiskoor Õbeäidsme  juhendaja Külli Salumäe * Laste lauluringi juhendaja  Ruth Mõttus * Nunnuklubi &#8211; juhendaja Ruth Mõttus * Naisansambel &#8220;Viisivakk&#8221; juhendaja Anne Gomaa * Laste näiteringi ja memmede [&hellip;]</p>
